t is the greatest common divisor of 9 and 198?
9
What is the greatest common factor of 1386 and 22?
22
Calculate the highest common factor of 1015 and 25.
5
What is the highest common divisor of 1575 and 63?
63
What is the greatest common divisor of 6127 and 11?
11
Calculate the highest common divisor of 17 and 1649.
17
What is the greatest common divisor of 234 and 442?
26
What is the highest common divisor of 1176 and 3248?
56
What is the highest common factor of 32 and 224?
32
What is the greatest common factor of 2310 and 84?
42
Calculate the greatest common factor of 189 and 105.
21
Calculate the greatest common factor of 8 and 1764.
4
Calculate the greatest common divisor of 9441 and 9.
9
What is the greatest common divisor of 1458 and 108?
54
What is the highest common divisor of 135 and 27?
27
What is the greatest common factor of 735 and 1176?
147
Calculate the greatest common divisor of 7003 and 47.
47
Calculate the highest common divisor of 536 and 8.
8
Calculate the greatest common factor of 40 and 20.
20
What is the greatest common divisor of 26 and 2327?
13
What is the highest common factor of 1653 and 145?
29
What is the highest common divisor of 44 and 143?
11
What is the greatest common divisor of 4760 and 10?
10
What is the greatest common divisor of 12924 and 36?
36
Calculate the greatest common factor of 1697 and 1.
1
Calculate the highest common divisor of 199 and 3383.
199
What is the greatest common divisor of 14 and 1792?
14
What is the greatest common divisor of 4 and 148?
4
What is the greatest common factor of 1207 and 213?
71
What is the greatest common factor of 12 and 30948?
12
What is the greatest common factor of 63 and 231?
21
Calculate the highest common divisor of 473 and 33.
11
What is the greatest common divisor of 54 and 15606?
54
What is the highest common factor of 156 and 7488?
156
What is the highest common divisor of 160 and 90880?
160
Calculate the greatest common divisor of 208 and 3068.
52
Calculate the greatest common divisor of 31 and 992.
31
What is the greatest common factor of 26 and 1534?
26
What is the greatest common divisor of 34 and 17?
17
Calculate the highest common divisor of 8801 and 26.
13
What is the greatest common divisor of 1085 and 5?
5
Calculate the highest common factor of 162 and 108.
54
Calculate the highest common divisor of 32 and 432.
16
What is the greatest common divisor of 2173 and 82?
41
Calculate the greatest common divisor of 80 and 36.
4
Calculate the highest common divisor of 5385 and 15.
15
What is the highest common factor of 9617 and 163?
163
What is the greatest common divisor of 1208 and 8?
8
What is the highest common factor of 1930 and 10?
10
Calculate the greatest common factor of 39 and 39.
39
What is the greatest common divisor of 3243 and 69?
69
What is the highest common factor of 11 and 187?
11
Calculate the greatest common divisor of 2646 and 270.
54
Calculate the highest common divisor of 212 and 3445.
53
Calculate the greatest common divisor of 173 and 29237.
173
What is the greatest common divisor of 12 and 90?
6
Calculate the highest common factor of 22 and 1892.
22
Calculate the greatest common factor of 6860 and 20.
20
Calculate the greatest common divisor of 782 and 46.
46
What is the highest common factor of 126 and 3591?
63
Calculate the highest common divisor of 18 and 4284.
18
What is the highest common factor of 1105 and 255?
85
What is the highest common factor of 29 and 29?
29
What is the highest common divisor of 1264 and 5846?
158
What is the greatest common divisor of 13 and 47567?
13
Calculate the greatest common divisor of 297 and 18.
9
Calculate the highest common factor of 7875 and 63.
63
What is the highest common divisor of 119 and 21?
7
What is the highest common divisor of 18 and 9?
9
Calculate the highest common divisor of 135 and 5.
5
What is the greatest common factor of 4665 and 255?
15
Calculate the greatest common factor of 264 and 1236.
12
Calculate the highest common factor of 10 and 90.
10
What is the greatest common factor of 19 and 2489?
19
What is the greatest common factor of 36 and 342?
18
Calculate the greatest common divisor of 8393 and 154.
77
Calculate the highest common divisor of 1380 and 60.
60
Calculate the greatest common factor of 26 and 299.
13
Calculate the greatest common divisor of 55 and 15.
5
Calculate the greatest common factor of 1865 and 15.
5
What is the highest common factor of 64918 and 14?
14
Calculate the greatest common factor of 384 and 3.
3
Calculate the greatest common divisor of 2013 and 4209.
183
Calculate the greatest common factor of 221 and 351.
13
Calculate the greatest common factor of 280 and 3560.
40
Calculate the highest common divisor of 44 and 29.
1
What is the greatest common divisor of 2432 and 32?
32
Calculate the highest common factor of 50 and 850.
50
What is the greatest common factor of 16592 and 136?
136
What is the highest common divisor of 12 and 92?
4
What is the highest common factor of 2499 and 17?
17
Calculate the highest common factor of 624 and 3536.
208
Calculate the highest common factor of 7136 and 16.
16
Calculate the greatest common divisor of 169 and 1651.
13
What is the greatest common factor of 26 and 1053?
13
What is the highest common divisor of 81 and 99?
9
What is the greatest common factor of 174 and 5626?
58
What is the greatest common divisor of 42 and 5908?
14
Calculate the greatest common factor of 175 and 7.
7
Calculate the highest common divisor of 2508 and 24.
12
What is the greatest common divisor of 30 and 780?
30
What is the highest common factor of 332 and 16?
4
Calculate the greatest common factor of 50 and 2050.
50
What is the greatest common divisor of 327 and 6104?
109
Calculate the greatest common divisor of 29512 and 14.
14
Calculate the greatest common divisor of 57 and 646.
19
Calculate the highest common divisor of 476 and 136.
68
Calculate the greatest common factor of 36 and 1476.
36
Calculate the highest common divisor of 66 and 550.
22
What is the greatest common factor of 2400 and 450?
150
What is the highest common factor of 124 and 2387?
31
Calculate the greatest common factor of 369 and 81.
9
Calculate the greatest common divisor of 1024 and 320.
64
What is the highest common divisor of 153 and 85?
17
Calculate the greatest common divisor of 10653 and 67.
67
What is the highest common divisor of 13120 and 32?
32
What is the highest common divisor of 1664 and 448?
64
Calculate the highest common factor of 6 and 402.
6
Calculate the highest common factor of 42 and 112.
14
Calculate the greatest common divisor of 76 and 3667.
19
What is the highest common factor of 6487 and 39?
13
Calculate the highest common factor of 84 and 1572.
12
What is the greatest common divisor of 42 and 3878?
14
Calculate the greatest common factor of 20 and 130.
10
What is the greatest common factor of 144 and 42192?
144
What is the greatest common divisor of 1625 and 13?
13
What is the highest common factor of 3039 and 3?
3
Calculate the highest common factor of 84 and 68.
4
Calculate the greatest common factor of 208 and 1391.
13
Calculate the greatest common factor of 535 and 321.
107
Calculate the greatest common divisor of 17 and 1088.
17
Calculate the greatest common factor of 48 and 39.
3
Calculate the greatest common factor of 74 and 92426.
74
Calculate the greatest common divisor of 17666 and 11.
11
Calculate the highest common factor of 886 and 2.
2
What is the greatest common factor of 13 and 3731?
13
What is the greatest common factor of 348 and 1668?
12
Calculate the highest common factor of 1551 and 33.
33
What is the highest common divisor of 78 and 414?
6
What is the greatest common divisor of 138 and 6?
6
Calculate the highest common divisor of 109 and 11663.
109
What is the greatest common divisor of 8 and 488?
8
Calculate the highest common factor of 50 and 3025.
25
What is the highest common factor of 424 and 2014?
106
Calculate the highest common factor of 120 and 50.
10
What is the highest common divisor of 2 and 233?
1
Calculate the greatest common divisor of 320 and 340.
20
What is the highest common factor of 42 and 133?
7
What is the greatest common factor of 876 and 60?
12
Calculate the highest common divisor o